er?
True
Is 53828029 prime?
True
Is 69355709 a composite number?
True
Is 49157093 composite?
False
Is 3817829 a prime number?
True
Is 739207 a composite number?
True
Is 82261 composite?
False
Is 5819327 a prime number?
True
Is 561907 a prime number?
True
Is 147640235 a prime number?
False
Is 30962821 a composite number?
True
Is 18923803 composite?
True
Is 308214037 prime?
True
Is 64820993 composite?
False
Is 824531 prime?
True
Is 11091929 a prime number?
True
Is 84740879 a prime number?
True
Is 187037833 a composite number?
False
Is 282919138 prime?
False
Is 38800559 prime?
False
Is 142612663 composite?
False
Is 79571473 prime?
True
Is 79411 a composite number?
False
Is 11294281 a prime number?
False
Is 1122643 a composite number?
False
Is 8409593 composite?
False
Is 461451 a composite number?
True
Is 300735167 a composite number?
True
Is 121337809 composite?
False
Is 64975415 composite?
True
Is 2414491 prime?
True
Is 52366777 composite?
True
Is 254962999 a prime number?
True
Is 303811 a composite number?
True
Is 399736517 a prime number?
False
Is 41863 prime?
True
Is 22377929 a prime number?
False
Is 57092051 a composite number?
False
Is 64876359 prime?
False
Is 66827303 a prime number?
True
Is 1561087 prime?
False
Is 168441337 a prime number?
True
Is 11783483 a prime number?
False
Is 2901833 composite?
True
Is 2980583 a composite number?
False
Is 111319 a composite number?
True
Is 346938041 a prime number?
True
Is 77518009 a prime number?
True
Is 116258161 a prime number?
False
Is 2399437 a composite number?
True
Is 228479 a prime number?
True
Is 65124581 a composite number?
True
Is 10086919 composite?
True
Is 17956181 a composite number?
True
Is 12939191 a prime number?
False
Is 59845 composite?
True
Is 40453057 prime?
False
Is 25385747 a prime number?
True
Is 29408129 a composite number?
True
Is 36407901 prime?
False
Is 8894003 prime?
True
Is 924419 a prime number?
True
Is 22115591 a prime number?
True
Is 207835393 composite?
False
Is 249152851 a composite number?
False
Is 222419 composite?
False
Is 73532813 prime?
True
Is 8447809 a prime number?
True
Is 22101073 composite?
False
Is 4388071 prime?
True
Is 26458937 a composite number?
True
Is 10933073 composite?
True
Is 50888657 prime?
True
Is 8580203 composite?
True
Is 389461037 prime?
False
Is 119429855 composite?
True
Is 585251 prime?
True
Is 37795081 composite?
True
Is 3611059 prime?
True
Is 4076459 composite?
False
Is 7410259 composite?
False
Is 149157051 a prime number?
False
Is 13730671 a composite number?
False
Is 13093511 prime?
True
Is 98407171 a composite number?
True
Is 1409269 composite?
True
Is 2217161 composite?
True
Is 16096543 composite?
False
Is 12827159 composite?
False
Is 5568523 prime?
True
Is 64151221 a composite number?
False
Is 1054077 composite?
True
Is 31096459 composite?
False
Is 38083453 composite?
False
Is 95159179 prime?
False
Is 27822871 a composite number?
False
Is 11422207 a prime number?
False
Is 68128271 a composite number?
False
Is 4371347 prime?
True
Is 2483203 a composite number?
True
Is 107573723 composite?
True
Is 80688206 a prime number?
False
Is 2627381 a composite number?
False
Is 47308849 a composite number?
True
Is 6935039 a composite number?
False
Is 44361797 prime?
False
Is 687623 a composite number?
False
Is 110728498 a composite number?
True
Is 12781249 a composite number?
True
Is 34672193 composite?
False
Is 5240239 prime?
True
Is 128152879 a prime number?
False
Is 45469649 prime?
False
Is 33107 a composite number?
False
Is 29386697 prime?
True
Is 2247893 a prime number?
False
Is 5925943 prime?
True
Is 157054337 a prime number?
False
Is 762721 prime?
True
Is 1131446 a composite number?
True
Is 18313489 composite?
False
Is 419821 composite?
False
Is 42399667 composite?
False
Is 845707 prime?
False
Is 391763 prime?
False
Is 364846951 a prime number?
False
Is 12160441 a prime number?
True
Is 9305591 composite?
False
Is 25651573 a prime number?
False
Is 167099249 a prime number?
True
Is 4882963 composite?
False
Is 15141853 prime?
True
Is 78259 a prime number?
True
Is 224049361 a composite number?
True
Is 50373259 prime?
True
Is 18252957 prime?
False
Is 32524339 composite?
False
Is 761671 prime?
True
Is 1533034553 a composite number?
False
Is 56790119 a prime number?
True
Is 11593697 a composite number?
True
Is 6229781 a prime number?
False
Is 90250487 a composite number?
False
Is 392879 a prime number?
True
Is 205779293 composite?
True
Is 277863433 a prime number?
True
Is 710755 composite?
True
Is 2995051 prime?
True
Is 50475407 a composite number?
True
Is 14990771 composite?
True
Is 17378513 prime?
True
Is 37912859 prime?
False
Is 131672431 a composite number?
True
Is 9428317 a composite number?
True
Is 1778913869 a composite number?
False
Is 7375609 composite?
False
Is 182348489 a prime number?
True
Is 27005813 a prime number?
False
Is 13373819 composite?
True
Is 4454627 prime?
False
Is 7715347 prime?
False
Is 134597563 a composite number?
True
Is 580928771 a prime number?
True
Is 13857547 prime?
False
Is 13108897 prime?
True
Is 428664494 prime?
False
Is 6384401 a composite number?
True
Is 1551083 prime?
True
Is 713257 a prime number?
False
Is 2540009 a prime number?
False
Is 5490571 a prime number?
True
Is 26296483 prime?
False
Is 517817 prime?
True
Is 2175161 a prime number?
True
Is 984047 a composite number?
False
Is 90553471 composite?
True
Is 13003091 prime?
True
Is 39542357 a prime number?
False
Is 411877 prime?
False
Is 29335927 a composite number?
False
Is 213587 a prime number?
False
Is 53313873 composite?
True
Is 1292449 prime?
False
Is 1666543817 prime?
True
Is 24465851 composite?
True
Is 37421 a composite number?
True
Is 8132393 prime?
False
Is 33370397 a composite number?
False
Is 6643682 a composite number?
True
Is 161538709 a composite number?
True
Is 150276233 prime?
False
Is 11117213 a composite number?
False
Is 2554061 composite?
True
Is 13540495 a composite number?
True
Is 4359937 a prime number?
True
Is 73601189 a prime number?
True
Is 3726719 prime?
False
Is 14715303 composite?
True
Is 157445 a composite number?
True
Is 242108653 a composite number?
False
Is 2245805 prime?
False
Is 80121761 a prime number?
False
Is 91151737 composite?
True
Is 401997803 a prime number?
False
Is 624191 a composite number?
False
Is 7246859 composite?
True
Is 312365281 a composite number?
True
Is 26463461 composite?
False
Is 3741877 prime?
True
Is 43063771 a composite number?
True
Is 43684799 a composite number?
False
Is 313623033 prime?
False
Is 7503839 a composite number?
True
Is 265637 composite?
True
Is 8072983 a composite number?
False
Is 216928063 prime?
False
Is 5502907 a composite number?
True
Is 22282811 a composite number?
True
Is 17396891 a composite number?
True
Is 25928297 a composite number?
False
Is 13349197 a composite number?
False
Is 431797 a prime number?
True
Is 72098807 composite?
True
Is 26276717 a prime number?
True
Is 4676053 prime?
False
Is 23247001 composite?
False
Is 10398751 prime?
False
Is 26942719 prime?
False
Is 9242539 a prime number?
True
Is 511057 composite?
False
Is 801733 a composite number?
False
Is 13479413 prime?
False
Is 34506259 a composite number?
True
Is 93381091 a prime number?
True
Is 1491851 prime?
True
Is 5388241 a prime number?
True
Is 3659653 prime?
False
Is 26792353 prime?
False
Is 12968239 composite?
True
Is 70234897 a composite number?
True
Is 608011757 a composite number?
False
Is 2369833 a composite number?
True
Is 9423671 prime?
True
Is 18494839 a prime number?
False
Is 20163553 composite?
True
Is 2166799 prime?
False
Is 609094861 a composite number?
True
Is 5668339 a prime number?
True
Is 32715919 composite?
False
Is 1569749 composite?
False
Is 93785123 a prime number?
False
Is 2387747 composite?
True
Is 3359002 composite?
True
Is 19734089 composite?
False
Is 47492779 a prime number?
True
Is 572927 composite?
False
Is 308169601 prime?
True
Is 53628097 a composite number?
True
Is 9711431 composite?
False
Is 4664773 prime?
False
Is 362220941 composite?
True
Is 3411658 prime?
False
Is 139737461 a composite number?
False
Is 23363251 a composite number?
False
Is 263425733 a prime number?
True
Is 122852893 prime?
True
Is 10041965 composite?
True
Is 794669 composite?
False
Is 24000203 prime